emainder when 1128 is divided by y.
0
Let p(m) = -m**3 + 14*m**2 + 13*m - 149. Suppose 2*c - 65 = 55. What is the remainder when p(11) is divided by c?
57
Suppose 0 = 45*n - 4201 + 1006. Calculate the remainder when n is divided by 30.
11
Suppose 0*l = l - 8. Let o(n) be the third derivative of -n**5/30 + 7*n**4/6 - 15*n**3/2 - 3*n**2 + 6. What is the remainder when o(11) is divided by l?
5
Let i = 17 - 12. Suppose 0*b = 2*d + 4*b - 112, -2*b = i*d - 296. Suppose -d - 27 = -3*a. Calculate the remainder when a is divided by 17.
12
Suppose -12 = -4*p, -10*w + 255 = -7*w + 5*p. What is the remainder when 477 is divided by w?
77
Let w = -66 - -72. Calculate the remainder when 128 is divided by ((2/w)/(10/570))/1.
14
Let s = -86 + 156. Let l(h) = 2*h**2 - 75*h + 119. Let y be l(36). Suppose s = -10*b + y*b. Calculate the remainder when b is divided by 18.
16
Let u(h) = 13*h + 1. Suppose 2*g = 4*x + 3 - 1, -2*x = 3*g - 11. Suppose 3 - 9 = -g*a. What is the remainder when u(a) is divided by 6?
3
Let s(o) = o**3 - 11*o**2 - 52*o - 24. Let f be s(15). Suppose i + i = 5*x - f, -x + 12 = 2*i. What is the remainder when (1 - 41)/(1/(-4)) is divided by x?
16
Let r(q) = -2*q**2 - 15*q + 5. Let y be r(-18). Let s = -142 - y. Suppose -19*k + 16*k = -s. What is the remainder when k is divided by 27?
23
Suppose 3*n = 4*m + 253, -m = -5*n - 0*n + 433. Let s = n + -78. Calculate the remainder when 98 is divided by s.
8
Let i(m) = 6*m**2 + 15*m - 121. Suppose -3*z - 3*r = -6, -10*r = -4*z - 15*r + 4. Calculate the remainder when i(z) is divided by 62.
61
Let g = 626 + -362. Suppose 0 = -5*p + 4*y + g, y = 3*p - 6*p + 155. Calculate the remainder when 96 is divided by p.
44
Let n(q) = 16*q**2 + 3*q - 3. Let s be n(-3). Suppose 2 - 42 = -3*b - 2*a, 3*b + 5*a = 55. What is the remainder when (245/21 + -5)*s/b is divided by 18?
16
Suppose 0 = 14*g - 16*g - c + 2567, g + 3*c - 1291 = 0. What is the remainder when g is divided by 11?
6
Calculate the remainder when 1625 is divided by 1035/7 - ((-60)/28 - -3).
8
Suppose -5*b + y + 65 = -y, -25 = -3*b + 4*y. Let u = -32 + 37. Suppose -l - 3*k = -8, u*l + k = 3*k + 40. Calculate the remainder when b is divided by l.
7
Suppose 2*v + v + 30 = 0. Let t = -2 - v. Suppose 0 = 5*y - t*y + 15. What is the remainder when y is divided by 2?
1
Let z be 2/(0 - (-2)/(-18)*-2). Suppose -z*n + 12 + 24 = 0. Suppose 0*r + n*r = 60. What is the remainder when 87 is divided by r?
12
Calculate the remainder when 891 is divided by ((-98)/3)/(412/270 - (-720)/(-450)).
9
Suppose 14*l + 3588 = 26*l. Suppose 0 = -5*s + l + 26. Calculate the remainder when s is divided by 37.
28
Suppose 4*q = 3*m + 274, 0*m - 10 = -5*m. Let o = q + 31. What is the remainder when o is divided by -27 + 140/5 + (26 + -2 - -1)?
23
Suppose 4*o + 2*l - 122 = -0*o, 20 = 4*l. Let z be (-1)/13 - 1440/208. What is the remainder when o is divided by 2*(-1 + (-28)/z)?
4
Suppose -2*g + 4*r = -230, 4*g + r = 9*g - 521. What is the remainder when 1851 is divided by g?
100
What is the remainder when 334 is divided by ((-90636)/(-3822))/(2/8*(-4)/(-7))?
2
Suppose 110*j - 145*j + 1750 = 0. What is the remainder when 1437 is divided by j?
37
What is the remainder when 394 - 1 - (6 - 10)*-1 is divided by 165?
59
Let k = -9 + 13. Let g(h) = -2*h**2 + 6*h - 7. Let b be g(3). Let d(w) = -2*w**3 - 12*w**2 + 9*w - 13. Calculate the remainder when d(b) is divided by k.
2
Let t(l) = l**2 - l + 76. Let p(m) = -m**2 + 12*m - 20. Let h be p(10). Let j be t(h). Suppose 8*y = 7*y + j. What is the remainder when y is divided by 11?
10
Let j = 237 - 672. Let a = j + 442. Let d = -4 + 6. Calculate the remainder when a is divided by d.
1
Suppose 12*t + 200 = 17*t. Let m be (t/12)/((-2)/6). What is the remainder when (-40)/(-50) + (-392)/m is divided by 15?
10
Let k = 246 + -243. Let z = -4 + 8. Suppose z*h + 0*o = -k*o + 40, 43 = 5*h + 2*o. Calculate the remainder when 22 is divided by h.
1
Suppose -726*p + 483 = -705*p. What is the remainder when 525 is divided by p?
19
Suppose -627*o = -566*o - 9760. What is the remainder when 229 is divided by o?
69
Let v(i) = i**2 - 4*i + 1. Suppose -35*g = -37*g - 10. Let q(n) = -5*n - 19. Let y be q(g). Calculate the remainder when 51 is divided by v(y).
12
Suppose 0 = -5*o + 4*b + 6, 2*o - 6 = 6*b - 8*b. Suppose 2*k + o*z = 40, -k = -5*k + z + 65. What is the remainder when k is divided by 9?
8
Let k(w) = w**3 - 3*w**2 - 3*w - 1. Let x be k(4). Suppose 2*h = -5*o - 89 + 337, -x*h = -3*o - 393. What is the remainder when h is divided by 34?
27
Suppose 7*y - 10*y = 14*y - 578. Calculate the remainder when 100 is divided by y.
32
Suppose 163 - 2393 = -10*k. What is the remainder when k is divided by 78?
67
Suppose -5*q + 2*o - 1213 = 0, q + 220 = 2*o - 29. Let i = -232 - q. Suppose 0 = -2*a + 3*a - 16. What is the remainder when a is divided by i?
7
Suppose -8*w = -3*w - 60. Suppose -2*y = -w - 10. Let g = 30 - -2. What is the remainder when g is divided by y?
10
Suppose -421 = -157*r - 42*r + 574. What is the remainder when 813 is divided by r?
3
Suppose -413 = 8*c - 15*c. Suppose -3*z - 2*z + x = 265, -c = z + x. Let v = z - -100. What is the remainder when 228 is divided by v?
44
Let m(l) = 71*l - 100. Suppose 10 = 5*u - 10. Calculate the remainder when m(u) is divided by 37.
36
Let o = 30 + -27. Suppose 4*a + o*x = 12, 4*x + 31 + 9 = 4*a. Suppose 16 = 2*w + a*w. What is the remainder when 3 is divided by w?
1
Let k(c) = -5*c + 136. Calculate the remainder when 744 is divided by k(2).
114
Suppose -16*i - 60 = -46*i. What is the remainder when 170 is divided by i?
0
Suppose 2*q - 236 = -2*q. Let k be (-255)/(-225) + (28/15 - 2). What is the remainder when q is divided by (0 - 170/20)/(k/(-2))?
8
Suppose 4*a + 0*a + 79 = -m, 4*m + 76 = -4*a. Let p = a - 74. Let b = p + 98. What is the remainder when 16 is divided by b?
0
Suppose 133 - 8 = 25*i. Suppose -23 = 5*y - i*h - 168, 4*h = y - 35. Suppose -144 - 280 = -2*b. What is the remainder when b is divided by y?
23
What is the remainder when 1573 is divided by (-110832)/(-840) - 36/(-630)?
121
Let x(t) = t**3 - t**2 - 3*t + 6. Let d be x(2). Suppose -d*o + 195 = -o. What is the remainder when o is divided by 17?
14
Let w = -13566 + 14838. Calculate the remainder when w is divided by 5.
2
Suppose 66*z - 64*z = 910. Let d = -433 + z. What is the remainder when 217 is divided by d?
19
Let s(h) = 4*h - 145. Let m be s(17). Calculate the remainder when (-22)/m + 0 - 7108/(-14) is divided by 17.
15
Suppose -5*d - 15 = 0, -4*w + 2*d + d = -81. Suppose -3*k + 9*k - 18 = 0. Suppose -q - 136 = -k*q. What is the remainder when q is divided by w?
14
Let s(y) = 4*y + 35. Suppose 5*g + 2*x = -27, 6*g - 2*g - 3*x = -17. What is the remainder when 71 is divided by s(g)?
11
Let q = 9053 - 8924. What is the remainder when 659 is divided by q?
14
Let b(i) = -i**3 + 5*i**2 + 2*i - 7. Let v = 17 + -12. Let r be b(v). Suppose 6*o + r = 7*o. Calculate the remainder when 11 is divided by o.
2
Let t(n) = n**2 + 7*n + 8. Let q = -132 + 139. Calculate the remainder when t(q) is divided by 36.
34
Let r(t) = -73*t - 1020. What is the remainder when r(-29) is divided by 110?
107
Suppose 0 = d + 5*j - 622, 2*d = d + 4*j + 577. Suppose -133*a = -2490 - 1279 + 577. Calculate the remainder when d is divided by a.
21
Suppose 0 = 4*a + 257 - 305. Let u(j) = -11*j - 9. What is the remainder when u(-5) is divided by a?
10
What is the remainder when 1123 is divided by (14/3 - 8/(-6))*(-105)/(-70)?
7
Suppose -b = -5*z - 306, -4*z - 3*b - 260 = -0*z. Calculate the remainder when -4 + 0 + 7 - z is divided by 17.
14
Calculate the remainder when 377 is divided by 4/54 + (-49152)/(-1296).
35
Suppose 77 = 3*r + 11. Let w = r - 20. Suppose -3*u + 2*u + 5*t + 120 = 0, -w*t + 275 = 3*u. Calculate the remainder when u is divided by 48.
47
Let a(b) = -b**3 + 50*b**2 + 166*b + 1. What is the remainder when a(53) is divided by 35?
22
Let r(g) = g**2 - 4*g + 5. Let y be r(2). Let t = 25 + y. What is the remainder when 51 is divided by t?
25
Let d = 216 - 117. Suppose d = 14*u + 813. Let s = u + 80. Calculate the remainder when 172 is divided by s.
27
Let i(x) = 6*x**2 - 10*x - 13. Let p be i(-7). Let j = 493 - p. Suppose -4*m + 664 = -5*d, 2*d + j = m - 24. What